{"id":1038,"date":"2015-11-17T13:12:15","date_gmt":"2015-11-17T12:12:15","guid":{"rendered":"http:\/\/80.244.133.162\/wordpress\/?page_id=1038"},"modified":"2022-03-01T12:24:17","modified_gmt":"2022-03-01T11:24:17","slug":"sprzedaz-zuzla","status":"publish","type":"page","link":"http:\/\/ec.mielec.pl\/wordpress\/?page_id=1038","title":{"rendered":"Sprzeda\u017c \u017cu\u017cla"},"content":{"rendered":"<h3>Sprzeda\u017c \u017cu\u017cla paleniskowego<\/h3>\n<p>EC Mielec posiada w sprzeda\u017cy \u017cu\u017cel paleniskowy w cenie 5,00 z\u0142 + 23% VAT za ton\u0119.<\/p>\n<p>\u017bu\u017cel jest regularnie badany przez AGH w Krakowie na zawarto\u015b\u0107 naturalnych pierwiastk\u00f3w promieniotw\u00f3rczych .<br \/>\nPowy\u017csze analizy dopuszczaj\u0105 \u017cu\u017cel do produkcji materia\u0142\u00f3w budowlanych stosowanych w budynkach na pobyt ludzi, poza tym \u017cu\u017cel mo\u017ce by\u0107 u\u017cyty do:<\/p>\n<ul>\n<li>rekultywacji teren\u00f3w,<\/li>\n<li>budowy dr\u00f3g,<\/li>\n<li>innych cel\u00f3w gospodarczych.<\/li>\n<\/ul>\n<p>Protok\u00f3\u0142 pomiar\u00f3w koncentracji naturalnych pierwiastk\u00f3w promieniotw\u00f3rczych \u017cu\u017cla paleniskowego, dopuszczaj\u0105cy stosowanie tego materia\u0142u do produkcji materia\u0142\u00f3w budowlanych stosowanych w budynkach przeznaczonych dla ludzi.<\/p>\n<a target=\"_self\" href=\"http:\/\/80.244.133.162\/wordpress\/wp-content\/uploads\/2020\/12\/20201130111057639.pdf\" class=\"btn btn-info\"><i class=\"icon-download\"><\/i> Protok\u00f3\u0142 pomiar\u00f3w w formacie PDF<\/a>\n","protected":false},"excerpt":{"rendered":"<p> [&hellip;]<\/p>\n","protected":false},"author":2,"featured_media":0,"parent":903,"menu_order":0,"comment_status":"closed","ping_status":"closed","template":"","meta":[],"_links":{"self":[{"href":"http:\/\/ec.mielec.pl\/wordpress\/index.php?rest_route=\/wp\/v2\/pages\/1038"}],"collection":[{"href":"http:\/\/ec.mielec.pl\/wordpress\/index.php?rest_route=\/wp\/v2\/pages"}],"about":[{"href":"http:\/\/ec.mielec.pl\/wordpress\/index.php?rest_route=\/wp\/v2\/types\/page"}],"author":[{"embeddable":true,"href":"http:\/\/ec.mielec.pl\/wordpress\/index.php?rest_route=\/wp\/v2\/users\/2"}],"replies":[{"embeddable":true,"href":"http:\/\/ec.mielec.pl\/wordpress\/index.php?rest_route=%2Fwp%2Fv2%2Fcomments&post=1038"}],"version-history":[{"count":10,"href":"http:\/\/ec.mielec.pl\/wordpress\/index.php?rest_route=\/wp\/v2\/pages\/1038\/revisions"}],"predecessor-version":[{"id":2414,"href":"http:\/\/ec.mielec.pl\/wordpress\/index.php?rest_route=\/wp\/v2\/pages\/1038\/revisions\/2414"}],"up":[{"embeddable":true,"href":"http:\/\/ec.mielec.pl\/wordpress\/index.php?rest_route=\/wp\/v2\/pages\/903"}],"wp:attachment":[{"href":"http:\/\/ec.mielec.pl\/wordpress\/index.php?rest_route=%2Fwp%2Fv2%2Fmedia&parent=1038"}],"curies":[{"name":"wp","href":"https:\/\/api.w.org\/{rel}","templated":true}]}}