{"id":293,"date":"2014-01-17T11:10:38","date_gmt":"2014-01-17T10:10:38","guid":{"rendered":"http:\/\/80.244.133.162\/wordpress\/?page_id=293"},"modified":"2020-09-16T13:30:07","modified_gmt":"2020-09-16T12:30:07","slug":"dane-techniczne","status":"publish","type":"page","link":"http:\/\/ec.mielec.pl\/wordpress\/?page_id=293","title":{"rendered":"Dane techniczne"},"content":{"rendered":"<h2>Dane techniczne<\/h2>\n<p>G\u0142\u00f3wnym przedmiotem dzia\u0142alno\u015bci Sp\u00f3\u0142ki jest: produkcja i dystrybucja ciep\u0142a (gor\u0105cej wody do cel\u00f3w technologicznych, c.w.u. i c.o.) oraz wytwarzanie energii elektrycznej.<\/p>\n<ul>\n<li>\u0142\u0105czna zainstalowana moc cieplna &#8211; 160,135 MWt<\/li>\n<li>\u0142\u0105czna zainstalowana moc elektryczna &#8211; 33,720 MWe<\/li>\n<li>\u0142\u0105czna osi\u0105galna moc elektryczna &#8211; 33,212 MWe<\/li>\n<\/ul>\n<h3>Elektrociep\u0142ownia Mielec posiada trzy obiekty energetyczne:<\/h3>\n<ul>\n<li>obiekt Elektrociep\u0142owni &#8222;EC&#8221; &#8211; z trzema kot\u0142ami parowymi typu OR-64 i dwoma turbozespo\u0142ami<\/li>\n<li>obiekt Ciep\u0142owni &#8222;C-II&#8221; z dwoma kot\u0142ami wodnymi typu WR-25<\/li>\n<li>kogeneracyjny uk\u0142ad gazowy z dwoma silnikami gazowymi i akumulatorem ciep\u0142a<\/li>\n<\/ul>\n<p>Urz\u0105dzenia wszystkich obiekt\u00f3w po\u0142\u0105czone s\u0105 magistral\u0105 ciep\u0142ownicz\u0105 i elektryczn\u0105, umo\u017cliwiaj\u0105c tym samym ich pe\u0142n\u0105 wsp\u00f3\u0142prac\u0119.<\/p>\n<p>&nbsp;<\/p>\n<h3>Parametry g\u0142\u00f3wnych urz\u0105dze\u0144 energetycznych<\/h3>\n<p>&nbsp;<\/p>\n<h4>Obiekt Elektrociep\u0142ownia &#8222;EC&#8221;<\/h4>\n    <ul class=\"nav nav-tabs\">\n            <li class=\"active\" ><a href=\"#tab-81948\" data-toggle=\"tab\">G2 - turbozesp\u00f3\u0142<\/a><\/li>\n            <li class=\"\" ><a href=\"#tab-82148\" data-toggle=\"tab\">G1 - turbozesp\u00f3\u0142<\/a><\/li>\n            <li class=\"\" ><a href=\"#tab-63648\" data-toggle=\"tab\">Kocio\u0142 parowy OR-64<\/a><\/li>\n          <\/ul>\n\n    <div class=\"tab-content\">\n            <div class=\"tab-pane fade active in\" id=\"tab-81948\"><h4>G2 - turbozesp\u00f3\u0142 przeciwpr\u0119\u017cny<\/h4>\r\n<ul>\r\n\t<li>Nominalny przep\u0142yw pary \u015bwie\u017cej - 35,6 t\/h<\/li>\r\n\t<li>Moc znamionowa generatora - 4 MWe<\/li>\r\n\t<li>Napi\u0119cie znamionowe generatora - 6,3 kV<\/li>\r\n<\/ul><\/div>\n            <div class=\"tab-pane fade\" id=\"tab-82148\"><h4>G1 - turbozesp\u00f3\u0142 kondensacyjno-upustowy<\/h4>\r\n<ul>\r\n \t<li>Nominalny przep\u0142yw pary \u015bwie\u017cej - 115 t\/h<\/li>\r\n \t<li>Maksymalny przep\u0142yw pary z upustu regulowanego - 102 t\/h<\/li>\r\n \t<li>Maksymalny przep\u0142yw pary wyj\u015bciowej (kondensacja) - 35,03 t\/h<\/li>\r\n \t<li>Moc znamionowa generatora - 20,44 MWe<\/li>\r\n \t<li>Napi\u0119cie znamionowe generatora - 11 kV<\/li>\r\n<\/ul><\/div>\n            <div class=\"tab-pane fade\" id=\"tab-63648\"><h4>Kocio\u0142 parowy OR-64<\/h4>\r\n<ul>\r\n\t<li>Moc nominalna - 37,5 MWt<\/li>\r\n\t<li>Wydajno\u015b\u0107 nominalna - 50 t\/h<\/li>\r\n\t<li>Ci\u015bnienie maksymalne\u00a0- 4 MPa<\/li>\r\n\t<li>Maksymalna\u00a0temperatura pary \u015bwie\u017cej - 450\u00b0C<\/li>\r\n<\/ul><\/div>\n          <\/div>\n\n    \n<p>&nbsp;<\/p>\n<h4>Obiekt Ciep\u0142ownia &#8222;C-II&#8221;<\/h4>\n    <ul class=\"nav nav-tabs\">\n            <li class=\"active\" ><a href=\"#tab-82349\" data-toggle=\"tab\">Kocio\u0142 wodny WR-25<\/a><\/li>\n          <\/ul>\n\n    <div class=\"tab-content\">\n            <div class=\"tab-pane fade active in\" id=\"tab-82349\"><h4>Kocio\u0142 wodny WR-25<\/h4>\r\n<ul>\r\n\t<li>Moc osi\u0105galna - 20 MWt<\/li>\r\n\t<li>Ci\u015bnienie maksymalne - 2 MPa<\/li>\r\n\t<li>Temperatura nominalna wody - 155\u00b0C<\/li>\r\n<\/ul><\/div>\n          <\/div>\n\n    \n<p>&nbsp;<\/p>\n<h4>Obiekt Elektrociep\u0142ownia EC-III<\/h4>\n    <ul class=\"nav nav-tabs\">\n            <li class=\"active\" ><a href=\"#tab-82747\" data-toggle=\"tab\">Akumulator ciep\u0142a<\/a><\/li>\n            <li class=\"\" ><a href=\"#tab-82547\" data-toggle=\"tab\">Silniki gazowe<\/a><\/li>\n          <\/ul>\n\n    <div class=\"tab-content\">\n            <div class=\"tab-pane fade active in\" id=\"tab-82747\"><h4>Akumulator ciep\u0142a<\/h4>\r\n<ul>\r\n\t<li>Obj\u0119to\u015b\u0107 ca\u0142kowita - 2100 m3<\/li>\r\n\t<li>Obj\u0119to\u015b\u0107 robocza - 1800 m3<\/li>\r\n\t<li>Temperatura wody gromadzonej w akumulatorze (max) - 95\u00b0C (98\u00b0C)<\/li>\r\n\t<li>Przep\u0142yw wody grzewczej podczas \u0142adowania\/roz\u0142adowania - 30-280 m3<\/li>\r\n\t<li>Max tempo \u0142adowania\/roz\u0142adowania - 15 MW\/h<\/li>\r\n<\/ul><\/div>\n            <div class=\"tab-pane fade\" id=\"tab-82547\"><h4>Silniki gazowe GE Jenbacher<\/h4>\r\n<ul>\r\n \t<li>Typ - JMS 624 GS-N.LC(TSTC)<\/li>\r\n \t<li>Ilo\u015b\u0107 - 2<\/li>\r\n \t<li>\u0141\u0105czna moc elektryczna - 9,280 MWe<\/li>\r\n \t<li>\u0141\u0105czna moc cieplna - 7,635 MWt<\/li>\r\n \t<li>Sprawno\u015b\u0107 elektryczna - 45,7%<\/li>\r\n \t<li>Sprawno\u015b\u0107 cieplna - 40,6%<\/li>\r\n \t<li>Sprawno\u015b\u0107 \u0142\u0105czna - 86,3%<\/li>\r\n<\/ul><\/div>\n          <\/div>\n\n    \n<p>&nbsp;<\/p>\n","protected":false},"excerpt":{"rendered":"<p> [&hellip;]<\/p>\n","protected":false},"author":2,"featured_media":0,"parent":122,"menu_order":0,"comment_status":"closed","ping_status":"closed","template":"","meta":[],"_links":{"self":[{"href":"http:\/\/ec.mielec.pl\/wordpress\/index.php?rest_route=\/wp\/v2\/pages\/293"}],"collection":[{"href":"http:\/\/ec.mielec.pl\/wordpress\/index.php?rest_route=\/wp\/v2\/pages"}],"about":[{"href":"http:\/\/ec.mielec.pl\/wordpress\/index.php?rest_route=\/wp\/v2\/types\/page"}],"author":[{"embeddable":true,"href":"http:\/\/ec.mielec.pl\/wordpress\/index.php?rest_route=\/wp\/v2\/users\/2"}],"replies":[{"embeddable":true,"href":"http:\/\/ec.mielec.pl\/wordpress\/index.php?rest_route=%2Fwp%2Fv2%2Fcomments&post=293"}],"version-history":[{"count":53,"href":"http:\/\/ec.mielec.pl\/wordpress\/index.php?rest_route=\/wp\/v2\/pages\/293\/revisions"}],"predecessor-version":[{"id":2156,"href":"http:\/\/ec.mielec.pl\/wordpress\/index.php?rest_route=\/wp\/v2\/pages\/293\/revisions\/2156"}],"up":[{"embeddable":true,"href":"http:\/\/ec.mielec.pl\/wordpress\/index.php?rest_route=\/wp\/v2\/pages\/122"}],"wp:attachment":[{"href":"http:\/\/ec.mielec.pl\/wordpress\/index.php?rest_route=%2Fwp%2Fv2%2Fmedia&parent=293"}],"curies":[{"name":"wp","href":"https:\/\/api.w.org\/{rel}","templated":true}]}}