{"id":3297,"date":"2025-06-26T07:08:21","date_gmt":"2025-06-26T06:08:21","guid":{"rendered":"https:\/\/ec.mielec.pl\/wordpress\/?page_id=3297"},"modified":"2025-06-26T08:12:14","modified_gmt":"2025-06-26T07:12:14","slug":"sprzedaz-rezerwowa","status":"publish","type":"page","link":"http:\/\/ec.mielec.pl\/wordpress\/?page_id=3297","title":{"rendered":"Sprzeda\u017c rezerwowa"},"content":{"rendered":"<h2><strong>Sprzeda\u017c rezerwowa<\/strong><\/h2>\n<p><a name=\"ceny_energii\"><\/a><\/p>\n<hr \/>\n<p><strong>Informacja o zmianie przepis\u00f3w dotycz\u0105cych sprzeda\u017cy rezerwowej energii elektrycznej od 1 lipca 2025 r.<\/strong><\/p>\n<p>Szanowni Pa\u0144stwo,<\/p>\n<p>Wype\u0142niaj\u0105c obowi\u0105zek informacyjny, o kt\u00f3rym mowa w art. 26 ustawy z dnia 28 lipca 2023\u00a0r. o zmianie ustawy \u2013 Prawo energetyczne oraz niekt\u00f3rych innych ustaw (Dz. U. z 2023 r. poz. 1681), jako podmiot pe\u0142ni\u0105cy funkcj\u0119 sprzedawcy energii elektrycznej oraz operatora systemu dystrybucyjnego elektroenergetycznego, informujemy, <strong>i\u017c z dniem 1 lipca 2025 r. wejd\u0105 w \u017cycie zmienione zasady \u015bwiadczenia us\u0142ugi sprzeda\u017cy rezerwowej<\/strong> energii elektrycznej, stosowanej w przypadku utraty sprzedawcy energii lub braku obowi\u0105zuj\u0105cej umowy sprzeda\u017cy energii elektrycznej.<\/p>\n<p>Zgodnie z nowymi przepisami, w przypadku zaistnienia konieczno\u015bci uruchomienia sprzeda\u017cy rezerwowej energii elektrycznej, <strong>funkcj\u0119 sprzedawcy rezerwowego z mocy prawa pe\u0142ni\u0107 b\u0119dzie sprzedawca zobowi\u0105zany<\/strong>, wyznaczony dla obszaru dzia\u0142ania operatora systemu dystrybucyjnego Elektrociep\u0142owni Mielec przez Prezesa Urz\u0119du Regulacji Energetyki, na podstawie przepis\u00f3w z dnia 20 lutego 2015 r. o odnawialnych \u017ar\u00f3d\u0142ach energii (Dz. U. z 2024 r. poz. 1361, z p\u00f3\u017an. zm.). Informacja o wyznaczeniu sprzedawcy zobowi\u0105zanego publikowana jest na <a href=\"http:\/\/ec.mielec.pl\/wordpress\/?page_id=2931#sprzedawca_zobowiazany\">stronie internetowej operatora<\/a>.<\/p>\n<p>Umowa sprzeda\u017cy rezerwowej energii elektrycznej zostaje zawarta z mocy prawa z chwil\u0105 zaprzestania wykonywania przez dotychczasowego sprzedawc\u0119 umowy sprzeda\u017cy energii elektrycznej lub umowy kompleksowej. Umowa ta obowi\u0105zuje na czas nieoznaczony.<\/p>\n<p>Do dnia poprzedzaj\u0105cego rozpocz\u0119cie realizacji przez OSD EC Mielec zada\u0144 okre\u015blonych w rozdziale 2d ustawy z dnia 10 kwietnia 1997 r. \u2013 Prawo energetyczne za po\u015brednictwem Centralnego Systemu Informacji Rynku Energi (CSIRE) tj. do 18 pa\u017adziernika 2026 r., naszym zadaniem jako operatora b\u0119dzie poinformowanie Pa\u0144stwa o ewentualnym zawarciu umowy sprzeda\u017cy rezerwowej. Od 19 pa\u017adziernika 2026 r., informacj\u0119 t\u0119 przeka\u017ce wyznaczony sprzedawca rezerwowy. Informacja o zawarciu umowy sprzeda\u017cy rezerwowej z mocy prawa, b\u0119dzie wysy\u0142ana odbiorcy w terminie 5 dni od jej rozpocz\u0119cia, a egzemplarz umowy dostarczony w terminie 30 dni.<\/p>\n<p><strong>Rozliczenia z tytu\u0142u sprzeda\u017cy rezerwowej<\/strong> energii elektrycznej dokonywane b\u0119d\u0105 przez sprzedawc\u0119 rezerwowego w miesi\u0119cznych okresach rozliczeniowych, na podstawie danych pomiarowych przekazywanych operatora. <strong>Cena energii elektrycznej<\/strong> stosowana w ramach sprzeda\u017cy rezerwowej nie mo\u017ce przekroczy\u0107 trzykrotno\u015bci \u015bredniej ceny energii elektrycznej na rynku konkurencyjnym, og\u0142oszonej za poprzedni kwarta\u0142 przez Prezesa Urz\u0119du Regulacji Energetyki.<\/p>\n<p>Na stronie internetowej sprzedawcy rezerwowego energii elektrycznej powinni Pa\u0144stwo znale\u017a\u0107 informacje o cenie energii elektrycznej, kt\u00f3ra wynika z\u00a0taryfy sprzeda\u017cy rezerwowej, warunkach \u015bwiadczenia sprzeda\u017cy rezerwowej oraz wzorze umowy rezerwowej.<\/p>\n<p><strong>Umowa sprzeda\u017cy rezerwowej mo\u017ce zosta\u0107 wypowiedziana w ka\u017cdym czasie<\/strong>, z zachowaniem siedmiodniowego okresu wypowiedzenia, poprzez z\u0142o\u017cenie stosownego o\u015bwiadczenia woli sprzedawcy rezerwowemu.<\/p>\n<p>Informacje szczeg\u00f3\u0142owe o zasadach sprzeda\u017cy rezerwowej obowi\u0105zuj\u0105ce od 1 lipca 2025 r. podajemy w opracowaniu \u201eInformacja o zasadach sprzeda\u017cy rezerwowej od 1 lipca 2025 roku\u201d.<\/p>\n<ul>\n<li><a target=\"_self\" href=\"http:\/\/80.244.133.162\/wordpress\/wp-content\/uploads\/2025\/06\/Inf_o_war_-sprz_-rez_od_01-07-2025.pdf\" class=\"btn btn-link\"><i class=\"icon-download\"><\/i>  Informacja o zasadach sprzeda\u017cy rezerwowej od 1 lipca 2025 roku<\/a><\/li>\n<\/ul>\n<p>Warunki zwi\u0105zane ze sprzeda\u017c\u0105 rezerwow\u0105 okre\u015blaj\u0105 ustawa z dnia 10 kwietnia 1997 r. Prawo energetyczne (tj. Dz. U z 2024 r. poz. 266 z p\u00f3\u017aniejszymi zmianami) oraz ustawa z dnia 21 maja 2025 r. o zmianie niekt\u00f3rych ustaw w zwi\u0105zku z wprowadzaniem centralnego systemu informacji rynku energii i innych ustaw (Dz. U z 2025 r. poz. 759).<\/p>\n<p><strong>Wej\u015bcie w \u017cycie nowych przepis\u00f3w nie wymaga od Pa\u0144stwa podejmowania \u017cadnych dodatkowych czynno\u015bci, a postanowienia obecnie obowi\u0105zuj\u0105cych um\u00f3w pozostaj\u0105 bez zmian.<\/strong><\/p>\n<ul>\n<li style=\"list-style-type: none;\"><\/li>\n<\/ul>\n<p><a name=\"wskazniki_przerw\"><\/a><\/p>\n<hr \/>\n<hr \/>\n","protected":false},"excerpt":{"rendered":"<p> [&hellip;]<\/p>\n","protected":false},"author":3,"featured_media":0,"parent":0,"menu_order":0,"comment_status":"closed","ping_status":"closed","template":"","meta":[],"_links":{"self":[{"href":"http:\/\/ec.mielec.pl\/wordpress\/index.php?rest_route=\/wp\/v2\/pages\/3297"}],"collection":[{"href":"http:\/\/ec.mielec.pl\/wordpress\/index.php?rest_route=\/wp\/v2\/pages"}],"about":[{"href":"http:\/\/ec.mielec.pl\/wordpress\/index.php?rest_route=\/wp\/v2\/types\/page"}],"author":[{"embeddable":true,"href":"http:\/\/ec.mielec.pl\/wordpress\/index.php?rest_route=\/wp\/v2\/users\/3"}],"replies":[{"embeddable":true,"href":"http:\/\/ec.mielec.pl\/wordpress\/index.php?rest_route=%2Fwp%2Fv2%2Fcomments&post=3297"}],"version-history":[{"count":11,"href":"http:\/\/ec.mielec.pl\/wordpress\/index.php?rest_route=\/wp\/v2\/pages\/3297\/revisions"}],"predecessor-version":[{"id":3319,"href":"http:\/\/ec.mielec.pl\/wordpress\/index.php?rest_route=\/wp\/v2\/pages\/3297\/revisions\/3319"}],"wp:attachment":[{"href":"http:\/\/ec.mielec.pl\/wordpress\/index.php?rest_route=%2Fwp%2Fv2%2Fmedia&parent=3297"}],"curies":[{"name":"wp","href":"https:\/\/api.w.org\/{rel}","templated":true}]}}