{"id":478,"date":"2014-07-25T10:11:40","date_gmt":"2014-07-25T10:11:40","guid":{"rendered":"http:\/\/80.244.133.162\/wordpress\/?page_id=478"},"modified":"2024-06-03T08:21:32","modified_gmt":"2024-06-03T07:21:32","slug":"478-2","status":"publish","type":"page","link":"http:\/\/ec.mielec.pl\/wordpress\/?page_id=478","title":{"rendered":"Kontakt"},"content":{"rendered":"<div class=\"row\"><div class=\"col-md-4\"><\/p>\n<h3>Dane kontaktowe<\/h3>\n<p><i class=\"icon-home icon-2x\"><\/i><\/p>\n<p>Elektrociep\u0142ownia Mielec Sp. z o.o.<br \/>\nUl. Wojska Polskiego 3<br \/>\n39-300 Mielec<\/p>\n<p><i class=\"icon-phone icon-2x\"><\/i><\/p>\n<p>Sekretariat: +48 17 788 77 50<br \/>\nFax: (+48) 17 788 72 71<\/p>\n<p><i class=\"icon-envelope icon-2x\"><\/i><\/p>\n<p>ec.mielec@ec-remondis.pl<\/p>\n<p><\/div><div class=\"col-md-6\"><\/p>\n<h3>Lokalizacja<\/h3>\n<p><iframe loading=\"lazy\" style=\"border: 0;\" src=\"https:\/\/www.google.com\/maps\/embed?pb=!1m14!1m8!1m3!1d10193.099126954667!2d21.460873!3d50.305464!3m2!1i1024!2i768!4f13.1!3m3!1m2!1s0x0%3A0x54962e711ec1950b!2sElektrociep%C5%82ownia+Mielec+Sp.+z+o.o.!5e0!3m2!1spl!2spl!4v1450187052065\" width=\"600\" height=\"340\" frameborder=\"0\" allowfullscreen=\"allowfullscreen\"><\/iframe><br \/>\n<\/div><\/div>\n<h3>Inspektor Ochrony Danych Osobowych<\/h3>\n<p>Informujemy, \u017ce Elektrociep\u0142ownia Mielec Sp. z o.o. powo\u0142a\u0142a Inspektora Ochrony Danych Osobowych. Funkcj\u0119 t\u0119 pe\u0142ni kancelaria prawnicza\u00a0Andersen Tax &amp; Legal\u00a0 Srokosz i Wsp\u00f3lnicy Sp.k. z siedzib\u0105 w Katowicach. Z Inspektorem Ochrony Danych mo\u017cna si\u0119 skontaktowa\u0107 pod adresem e-mail: <a href=\"mailto:IODO@pl.Andersen.com\">IODO@pl.Andersen.com<\/a><\/p>\n<h3>Wybrane numery telefon\u00f3w<\/h3>\n\n<table id=\"tablepress-9\" class=\"tablepress tablepress-id-9\">\n<thead>\n<tr class=\"row-1 odd\">\n\t<th class=\"column-1\">&nbsp;<\/th><th class=\"column-2\">Tel. stacjonarny<\/th><th class=\"column-3\">Tel. kom\u00f3rkowy<\/th>\n<\/tr>\n<\/thead>\n<tbody class=\"row-hover\">\n<tr class=\"row-2 even\">\n\t<td class=\"column-1\">Sekretariat<\/td><td class=\"column-2\">+48 17 788 77 50<\/td><td class=\"column-3\">+48 885 841 587<\/td>\n<\/tr>\n<tr class=\"row-3 odd\">\n\t<td class=\"column-1\">Alarmowy, kierownik zmianowy <\/td><td class=\"column-2\">+48 17 788 77 51<\/td><td class=\"column-3\">+48 668 841 609<\/td>\n<\/tr>\n<\/tbody>\n<\/table>\n<!-- #tablepress-9 from cache -->\n","protected":false},"excerpt":{"rendered":"<p> [&hellip;]<\/p>\n","protected":false},"author":2,"featured_media":0,"parent":0,"menu_order":0,"comment_status":"open","ping_status":"open","template":"","meta":[],"_links":{"self":[{"href":"http:\/\/ec.mielec.pl\/wordpress\/index.php?rest_route=\/wp\/v2\/pages\/478"}],"collection":[{"href":"http:\/\/ec.mielec.pl\/wordpress\/index.php?rest_route=\/wp\/v2\/pages"}],"about":[{"href":"http:\/\/ec.mielec.pl\/wordpress\/index.php?rest_route=\/wp\/v2\/types\/page"}],"author":[{"embeddable":true,"href":"http:\/\/ec.mielec.pl\/wordpress\/index.php?rest_route=\/wp\/v2\/users\/2"}],"replies":[{"embeddable":true,"href":"http:\/\/ec.mielec.pl\/wordpress\/index.php?rest_route=%2Fwp%2Fv2%2Fcomments&post=478"}],"version-history":[{"count":73,"href":"http:\/\/ec.mielec.pl\/wordpress\/index.php?rest_route=\/wp\/v2\/pages\/478\/revisions"}],"predecessor-version":[{"id":3045,"href":"http:\/\/ec.mielec.pl\/wordpress\/index.php?rest_route=\/wp\/v2\/pages\/478\/revisions\/3045"}],"wp:attachment":[{"href":"http:\/\/ec.mielec.pl\/wordpress\/index.php?rest_route=%2Fwp%2Fv2%2Fmedia&parent=478"}],"curies":[{"name":"wp","href":"https:\/\/api.w.org\/{rel}","templated":true}]}}