{"id":901,"date":"2015-10-12T07:15:20","date_gmt":"2015-10-12T07:15:20","guid":{"rendered":"http:\/\/80.244.133.162\/wordpress\/?page_id=901"},"modified":"2022-12-16T10:45:52","modified_gmt":"2022-12-16T09:45:52","slug":"cieplo","status":"publish","type":"page","link":"http:\/\/ec.mielec.pl\/wordpress\/?page_id=901","title":{"rendered":"Ciep\u0142o"},"content":{"rendered":"<h3>Elektrociep\u0142ownia Mielec Sp. z o.o. dzia\u0142a na podstawie Kodeksu sp\u00f3\u0142ek handlowych oraz Umowy Sp\u00f3\u0142ki.<\/h3>\n<p>&nbsp;<\/p>\n<h4>Oferujemy ca\u0142oroczne dostawy ciep\u0142a wytwarzanego w skojarzeniu dla nast\u0119puj\u0105cych grup odbiorc\u00f3w:<\/h4>\n<ul>\n<li>odbiorcy przy\u0142\u0105czeni do sieci MPEC Mielec<\/li>\n<li>odbiorcy dzia\u0142aj\u0105cy w obszarze SSE &#8222;Euro-Park&#8221; Mielec,<\/li>\n<li>odbiorcy dzia\u0142aj\u0105cy w obszarze &#8222;Mieleckiego Parku Przemys\u0142owego&#8221;,<\/li>\n<li>gospodarstw ogrodniczych,<\/li>\n<\/ul>\n<p>&nbsp;<\/p>\n<h4>Jako producent w zwi\u0105zku z prowadzon\u0105 dzia\u0142alno\u015bci\u0105 zgodnie z Decyzj\u0105 prezesa URE Elektrociep\u0142ownia Mielec Sp. z o.o. posiada koncesje na:<\/h4>\n<ul>\n<li>Koncesja nr WCC\/505\/1334\/U\/1\/98\/JK na wytwarzanie ciep\u0142a na okres do 31 grudnia 2030 r.<\/li>\n<li>Koncesja nr PCC\/797\/1334\/W\/3\/99\/AD na przesy\u0142anie i dystrybucj\u0119 ciep\u0142a na okres do 31 grudnia 2030 r.<\/li>\n<\/ul>\n<p>&nbsp;<\/p>\n<hr>\n","protected":false},"excerpt":{"rendered":"<p> [&hellip;]<\/p>\n","protected":false},"author":2,"featured_media":0,"parent":0,"menu_order":0,"comment_status":"closed","ping_status":"closed","template":"","meta":[],"_links":{"self":[{"href":"http:\/\/ec.mielec.pl\/wordpress\/index.php?rest_route=\/wp\/v2\/pages\/901"}],"collection":[{"href":"http:\/\/ec.mielec.pl\/wordpress\/index.php?rest_route=\/wp\/v2\/pages"}],"about":[{"href":"http:\/\/ec.mielec.pl\/wordpress\/index.php?rest_route=\/wp\/v2\/types\/page"}],"author":[{"embeddable":true,"href":"http:\/\/ec.mielec.pl\/wordpress\/index.php?rest_route=\/wp\/v2\/users\/2"}],"replies":[{"embeddable":true,"href":"http:\/\/ec.mielec.pl\/wordpress\/index.php?rest_route=%2Fwp%2Fv2%2Fcomments&post=901"}],"version-history":[{"count":17,"href":"http:\/\/ec.mielec.pl\/wordpress\/index.php?rest_route=\/wp\/v2\/pages\/901\/revisions"}],"predecessor-version":[{"id":2550,"href":"http:\/\/ec.mielec.pl\/wordpress\/index.php?rest_route=\/wp\/v2\/pages\/901\/revisions\/2550"}],"wp:attachment":[{"href":"http:\/\/ec.mielec.pl\/wordpress\/index.php?rest_route=%2Fwp%2Fv2%2Fmedia&parent=901"}],"curies":[{"name":"wp","href":"https:\/\/api.w.org\/{rel}","templated":true}]}}