{"id":1236,"date":"2015-12-02T14:42:14","date_gmt":"2015-12-02T13:42:14","guid":{"rendered":"http:\/\/80.244.133.162\/wordpress\/?page_id=1236"},"modified":"2015-12-15T13:41:49","modified_gmt":"2015-12-15T12:41:49","slug":"czystsze-powietrze","status":"publish","type":"page","link":"https:\/\/ec.mielec.pl\/wordpress\/?page_id=1236","title":{"rendered":"Powietrze, woda, gleba"},"content":{"rendered":"<h3>W trosce o czyste powietrze<\/h3>\n<div class=\"row\"><\/p>\n<p><div class=\"col-md-3\"><\/p>\n<p><a href=\"http:\/\/ec.mielec.pl\/wordpress\/wp-content\/uploads\/2015\/10\/20111019_072436.jpg\"><img loading=\"lazy\" class=\"alignnone size-medium wp-image-1212\" src=\"http:\/\/ec.mielec.pl\/wordpress\/wp-content\/uploads\/2015\/10\/20111019_072436-300x199.jpg\" alt=\"Kogeneracyjny uk\u0142ad gazowy obiekt EC-III\" width=\"300\" height=\"199\" srcset=\"https:\/\/ec.mielec.pl\/wordpress\/wp-content\/uploads\/2015\/10\/20111019_072436-300x199.jpg 300w, https:\/\/ec.mielec.pl\/wordpress\/wp-content\/uploads\/2015\/10\/20111019_072436.jpg 800w\" sizes=\"(max-width: 300px) 100vw, 300px\" \/><\/a><\/p>\n<p><em>Obiekt silnik\u00f3w gazowych EC-3 wraz z akumulatorem ciep\u0142a.<\/em><\/div><\/p>\n<p><div class=\"col-md-8\"><\/p>\n<p>Dzi\u0119ki rosn\u0105cym wymaganiom \u015brodowiskowym produkcja energii elektrycznej i ciep\u0142a staje si\u0119 coraz mniej uci\u0105\u017cliwa dla \u015brodowiska. Dowodem tego jest tak\u017ce Elektrociep\u0142ownia Mielec, kt\u00f3ra w okresie kilku ostatnich lat\u00a0przeprowadzi\u0142a dwie bardzo znacz\u0105ce inwestycje, kt\u00f3re pozwoli\u0142y podnie\u015b\u0107 sprawno\u015b\u0107 wytwarzania energii elektrycznej i ciep\u0142a przy jednoczesnym obni\u017ceniu emisji substancji py\u0142owo-gazowych do atmosfery.<\/p>\n<p>Pierwsz\u0105 inwestycj\u0105 by\u0142a zabudowa Elektrociep\u0142owni EC-III, w kt\u00f3rej zainstalowano dwa kogeneracyjne agregaty gazowe zasilane gazem ziemnym. Najwa\u017cniejszym osi\u0105gni\u0119ciem tej inwestycji by\u0142o podwy\u017cszenie sprawno\u015bci wytwarzania energii elektrycznej i ciep\u0142a w\u00a0skojarzeniu przy jednoczesnej redukcji emisji zanieczyszcze\u0144 do atmosfery.<\/p>\n<p><\/div><\/div>\n<div class=\"row\"><\/p>\n<p><div class=\"col-md-3\"><\/p>\n<p><a href=\"http:\/\/ec.mielec.pl\/wordpress\/wp-content\/uploads\/2015\/10\/zan_pyl_gaz_2010-2015.png\"><img loading=\"lazy\" class=\"alignnone size-medium wp-image-1218\" src=\"http:\/\/ec.mielec.pl\/wordpress\/wp-content\/uploads\/2015\/10\/zan_pyl_gaz_2010-2015-300x186.png\" alt=\"zan_pyl_gaz_2010-2015\" width=\"300\" height=\"186\" srcset=\"https:\/\/ec.mielec.pl\/wordpress\/wp-content\/uploads\/2015\/10\/zan_pyl_gaz_2010-2015-300x186.png 300w, https:\/\/ec.mielec.pl\/wordpress\/wp-content\/uploads\/2015\/10\/zan_pyl_gaz_2010-2015.png 594w\" sizes=\"(max-width: 300px) 100vw, 300px\" \/><\/a><\/p>\n<p><em>Skala redukcji zanieczyszcze\u0144 osi\u0105gni\u0119tych dzi\u0119ki wy\u017cej wymienionym inwestycjom.<\/em><\/div><\/p>\n<p><div class=\"col-md-8\"><\/p>\n<p>Drug\u0105 bardzo wa\u017cn\u0105 inwestycj\u0105, wykonan\u0105 z blisko rocznym wyprzedzeniem w stosunku do wymog\u00f3w prawa, by\u0142a modernizacja urz\u0105dze\u0144 odpylania zainstalowanych przy naszych kot\u0142ach w\u0119glowych. \u00d3wcze\u015bnie zainstalowane cyklony i multicyklony zast\u0105pione zosta\u0142y urz\u0105dzeniami opartymi o technologi\u0119 filtr\u00f3w workowych. Inwestycja pomog\u0142a osi\u0105gn\u0105\u0107 wymagany od pocz\u0105tku 2016 roku standard emisyjny dla py\u0142u oraz zredukowa\u0107 czterokrotnie emisj\u0119 py\u0142\u00f3w do atmosfery.<\/p>\n<p><\/div><\/div>\n<p>&nbsp;<\/p>\n<h3>Woda, \u015bcieki, gleba<\/h3>\n<p>Wod\u0119 na potrzeby technologiczne i sanitarne pobieramy z sieci wodoci\u0105gowej firmy \u00a0EURO-EKO Media Sp. z o.o. oraz \u00a0MPGK Sp. z o.o.\u00a0 Woda dostarczana przez EURO-EKO Media pochodzi z \u00a0czwartorz\u0119dowych uj\u0119\u0107 g\u0142\u0119binowych po\u0142o\u017conych na wsch\u00f3d od Mielca w Szyd\u0142owcu natomiast woda dostarczana od MPGK pochodzi z uj\u0119cia powierzchniowego umiejscowionego na prawym brzegu Wis\u0142oki. Pobran\u0105 wod\u0119 w zale\u017cno\u015bci od pochodzenia i\u00a0przeznaczenia poddajemy odpowiednim procesom uzdatniania.<\/p>\n<p>Na terenie zak\u0142adu powstaj\u0105 \u015bcieki przemys\u0142owe zwi\u0105zane z prowadzeniem proces\u00f3w w\u00a0instalacji, \u015bcieki deszczowe odprowadzane z teren\u00f3w utwardzonych oraz \u015bcieki socjalno-bytowe. \u015acieki przemys\u0142owe wst\u0119pnie podczyszczamy i cz\u0119\u015b\u0107 z nich wykorzystujemy w innych instalacjach zak\u0142adu zgodnie z zasad\u0105 zr\u00f3wnowa\u017conego rozwoju.<\/p>\n<p>Zgodnie z prawem i posiadanymi pozwoleniami prowadzimy selektywn\u0105 zbi\u00f3rk\u0119 odpad\u00f3w powsta\u0142ych wskutek funkcjonowania instalacji. Odpady gromadzone s\u0105 w\u00a0wyznaczonych i\u00a0odpowiednio przystosowanych do tego miejscach i\u00a0urz\u0105dzeniach. Gwarantuje to zabezpieczenie przed przedostaniem si\u0119 do \u015brodowiska gruntowo-wodnego substancji mog\u0105cych stanowi\u0107 zagro\u017cenie. Wszystkie odpady przekazujemy firmom zewn\u0119trznym, kt\u00f3re specjalizuj\u0105 si\u0119 w ich transporcie, odzysku i unieszkodliwianiu.<\/p>\n","protected":false},"excerpt":{"rendered":"<p> [&hellip;]<\/p>\n","protected":false},"author":2,"featured_media":0,"parent":845,"menu_order":0,"comment_status":"closed","ping_status":"closed","template":"","meta":[],"_links":{"self":[{"href":"https:\/\/ec.mielec.pl\/wordpress\/index.php?rest_route=\/wp\/v2\/pages\/1236"}],"collection":[{"href":"https:\/\/ec.mielec.pl\/wordpress\/index.php?rest_route=\/wp\/v2\/pages"}],"about":[{"href":"https:\/\/ec.mielec.pl\/wordpress\/index.php?rest_route=\/wp\/v2\/types\/page"}],"author":[{"embeddable":true,"href":"https:\/\/ec.mielec.pl\/wordpress\/index.php?rest_route=\/wp\/v2\/users\/2"}],"replies":[{"embeddable":true,"href":"https:\/\/ec.mielec.pl\/wordpress\/index.php?rest_route=%2Fwp%2Fv2%2Fcomments&post=1236"}],"version-history":[{"count":16,"href":"https:\/\/ec.mielec.pl\/wordpress\/index.php?rest_route=\/wp\/v2\/pages\/1236\/revisions"}],"predecessor-version":[{"id":1312,"href":"https:\/\/ec.mielec.pl\/wordpress\/index.php?rest_route=\/wp\/v2\/pages\/1236\/revisions\/1312"}],"up":[{"embeddable":true,"href":"https:\/\/ec.mielec.pl\/wordpress\/index.php?rest_route=\/wp\/v2\/pages\/845"}],"wp:attachment":[{"href":"https:\/\/ec.mielec.pl\/wordpress\/index.php?rest_route=%2Fwp%2Fv2%2Fmedia&parent=1236"}],"curies":[{"name":"wp","href":"https:\/\/api.w.org\/{rel}","templated":true}]}}